{"id":3,"date":"2019-10-01T12:21:41","date_gmt":"2019-10-01T10:21:41","guid":{"rendered":"http:\/\/jgrm.fr\/?page_id=3"},"modified":"2020-01-28T17:27:50","modified_gmt":"2020-01-28T16:27:50","slug":"politique-de-confidentialite","status":"publish","type":"page","link":"https:\/\/jgrm.fr\/?page_id=3","title":{"rendered":"Politique de confidentialit\u00e9"},"content":{"rendered":"<h1 dir=\"ltr\" data-fontsize=\"50\" data-lineheight=\"58\">Politique de confidentialit\u00e9<\/h1>\n<p dir=\"ltr\">La R\u00e9glementation G\u00e9n\u00e9rale sur la Protection des Donn\u00e9es est un ensemble de loi mises en place par la commission Europ\u00e9enne \u00e0 partir du 25 Mai 2018 pour toutes les entreprises qui ont une activit\u00e9 en Europe.<br \/>\nPour prot\u00e9ger les internautes des fuites de donn\u00e9es ou de l\u2019utilisation abusive de donn\u00e9es personnelles, il est d\u00e9sormais obligatoire pour les entreprises de tenir inform\u00e9 les visiteurs de tous les traitements informatiques qui sont effectu\u00e9s \u00e0 partir des donn\u00e9es r\u00e9colt\u00e9es.<br class=\"kix-line-break\" \/>Comme tous les e-commer\u00e7ants, nous r\u00e9coltons des donn\u00e9es sur nos internautes.<br class=\"kix-line-break\" \/>Ces donn\u00e9es sont indispensables pour vous offrir la meilleure exp\u00e9rience possible sur notre site et garantir le bon d\u00e9roulement de votre commande<\/p>\n<h2 dir=\"ltr\" data-fontsize=\"40\" data-lineheight=\"48\">H\u00e9bergement et Serveurs<\/h2>\n<p dir=\"ltr\">Notre site internet est h\u00e9berg\u00e9 chez OVH. Dans ces serveurs, se trouvent notre base de donn\u00e9es n\u00e9cessaire au fonctionnement du site. Les informations concernant les comptes clients y sont stock\u00e9s.<br \/>\nAfin de vous permettre de retrouver votre historique de commande, ces donn\u00e9es sont supprim\u00e9es si vous en faites la demande ou au bout de 3ans sans activit\u00e9 sur votre compte comme le pr\u00e9voit le droit \u00e0 l&rsquo;oubli.<\/p>\n<h2 dir=\"ltr\" data-fontsize=\"40\" data-lineheight=\"48\">Num\u00e9ro de carte de cr\u00e9dit<\/h2>\n<p dir=\"ltr\">Lors de vos paiements par carte bancaire vos donn\u00e9es bancaires sont trait\u00e9es par deux organismes externes: Stripe ou Paypal. Ils sont garants de la s\u00e9curit\u00e9 et du traitement de ces donn\u00e9es.<br class=\"kix-line-break\" \/>A aucun moment nous n\u2019avons acc\u00e8s \u00e0 vos donn\u00e9es bancaires.<\/p>\n<h2 dir=\"ltr\" data-fontsize=\"40\" data-lineheight=\"48\">Vos donn\u00e9es personnelles et nous<\/h2>\n<p dir=\"ltr\"><strong>Commande :<\/strong><br \/>\nLorsque vous cr\u00e9ez un compte client sur notre site, nous enregistrons dans nos syst\u00e8mes toutes les informations n\u00e9cessaires pour passer commande : votre email, votre nom et pr\u00e9nom, votre adresse postale et votre num\u00e9ro de t\u00e9l\u00e9phone afin de pouvoir pr\u00e9parer et vous livrer votre colis.<\/p>\n<p dir=\"ltr\">Ces donn\u00e9es de commande sont transmises aux transporteurs qui oeuvrent pour que votre colis arrive jusqu\u2019\u00e0 chez vous.<br class=\"kix-line-break\" \/>Ceux-ci n\u2019ont absolument pas le droit d\u2019utiliser vos donn\u00e9es pour autre chose que pour traiter votre commande et doivent supprimer ces donn\u00e9es de leur syst\u00e8me informatique apr\u00e8s traitement.<\/p>\n<p dir=\"ltr\"><strong>Statistiques :<\/strong><br \/>\nDans le but d\u2019am\u00e9liorer l\u2019exp\u00e9rience utilisateur, nous utilisons des logiciels permettant de comprendre au mieux notre activit\u00e9. Nous \u00e9tudions donc notre base client, votre historique de navigation sur notre site et les informations sur les produits command\u00e9s. Ces donn\u00e9es manipul\u00e9es \u00e0 des fins statistiques sont totalement anonymis\u00e9es.<\/p>\n<h2 dir=\"ltr\" data-fontsize=\"40\" data-lineheight=\"48\">Supprimer ou acc\u00e9der \u00e0 vos donn\u00e9es<\/h2>\n<p dir=\"ltr\">La plupart de vos donn\u00e9es sont modifiables directement sur votre espace client (\u00a0<a href=\"http:\/\/blocinnov.fr\/my-account\/\">Mon compte<\/a>\u00a0)<br class=\"kix-line-break\" \/>Vous pouvez \u00e9galement t\u00e9l\u00e9charger et supprimer vos donn\u00e9es via la page\u00a0<a href=\"http:\/\/jgrm.fr\/declaration-de-confidentialite\/\">D\u00e9claration de confidentialit\u00e9<\/a><\/p>\n","protected":false},"excerpt":{"rendered":"<p>Politique de confidentialit\u00e9 La R\u00e9glementation G\u00e9n\u00e9rale sur la Protection des Donn\u00e9es est un ensemble de loi mises en place par la commission Europ\u00e9enne \u00e0 partir du 25 Mai 2018 pour toutes les entreprises qui ont une activit\u00e9 en Europe. Pour prot\u00e9ger les internautes des fuites de donn\u00e9es ou de l\u2019utilisation abusive de donn\u00e9es personnelles, il  [&#8230;]<\/p>\n","protected":false},"author":9,"featured_media":0,"parent":0,"menu_order":0,"comment_status":"closed","ping_status":"open","template":"","meta":{"loftloader_page_shortcode":"","footnotes":""},"class_list":["post-3","page","type-page","status-publish","hentry"],"yoast_head":"<!-- This site is optimized with the Yoast SEO plugin v24.3 - https:\/\/yoast.com\/wordpress\/plugins\/seo\/ -->\n<title>Politique de confidentialit\u00e9 - JGRM<\/title>\n<meta name=\"robots\" content=\"index, follow, max-snippet:-1, max-image-preview:large, max-video-preview:-1\" \/>\n<link rel=\"canonical\" href=\"https:\/\/jgrm.fr\/?page_id=3\" \/>\n<meta property=\"og:locale\" content=\"fr_FR\" \/>\n<meta property=\"og:type\" content=\"article\" \/>\n<meta property=\"og:title\" content=\"Politique de confidentialit\u00e9 - JGRM\" \/>\n<meta property=\"og:description\" content=\"Politique de confidentialit\u00e9 La R\u00e9glementation G\u00e9n\u00e9rale sur la Protection des Donn\u00e9es est un ensemble de loi mises en place par la commission Europ\u00e9enne \u00e0 partir du 25 Mai 2018 pour toutes les entreprises qui ont une activit\u00e9 en Europe. Pour prot\u00e9ger les internautes des fuites de donn\u00e9es ou de l\u2019utilisation abusive de donn\u00e9es personnelles, il [...]\" \/>\n<meta property=\"og:url\" content=\"https:\/\/jgrm.fr\/?page_id=3\" \/>\n<meta property=\"og:site_name\" content=\"JGRM\" \/>\n<meta property=\"article:modified_time\" content=\"2020-01-28T16:27:50+00:00\" \/>\n<meta name=\"twitter:card\" content=\"summary_large_image\" \/>\n<meta name=\"twitter:label1\" content=\"Dur\u00e9e de lecture estim\u00e9e\" \/>\n\t<meta name=\"twitter:data1\" content=\"2 minutes\" \/>\n<script type=\"application\/ld+json\" class=\"yoast-schema-graph\">{\"@context\":\"https:\/\/schema.org\",\"@graph\":[{\"@type\":\"WebPage\",\"@id\":\"https:\/\/jgrm.fr\/?page_id=3\",\"url\":\"https:\/\/jgrm.fr\/?page_id=3\",\"name\":\"Politique de confidentialit\u00e9 - JGRM\",\"isPartOf\":{\"@id\":\"https:\/\/jgrm.fr\/#website\"},\"datePublished\":\"2019-10-01T10:21:41+00:00\",\"dateModified\":\"2020-01-28T16:27:50+00:00\",\"breadcrumb\":{\"@id\":\"https:\/\/jgrm.fr\/?page_id=3#breadcrumb\"},\"inLanguage\":\"fr-FR\",\"potentialAction\":[{\"@type\":\"ReadAction\",\"target\":[\"https:\/\/jgrm.fr\/?page_id=3\"]}]},{\"@type\":\"BreadcrumbList\",\"@id\":\"https:\/\/jgrm.fr\/?page_id=3#breadcrumb\",\"itemListElement\":[{\"@type\":\"ListItem\",\"position\":1,\"name\":\"Home\",\"item\":\"https:\/\/jgrm.fr\/\"},{\"@type\":\"ListItem\",\"position\":2,\"name\":\"Politique de confidentialit\u00e9\"}]},{\"@type\":\"WebSite\",\"@id\":\"https:\/\/jgrm.fr\/#website\",\"url\":\"https:\/\/jgrm.fr\/\",\"name\":\"JGRM\",\"description\":\"Table tout \u00e9quip\u00e9\",\"potentialAction\":[{\"@type\":\"SearchAction\",\"target\":{\"@type\":\"EntryPoint\",\"urlTemplate\":\"https:\/\/jgrm.fr\/?s={search_term_string}\"},\"query-input\":{\"@type\":\"PropertyValueSpecification\",\"valueRequired\":true,\"valueName\":\"search_term_string\"}}],\"inLanguage\":\"fr-FR\"}]}<\/script>\n<!-- \/ Yoast SEO plugin. -->","yoast_head_json":{"title":"Politique de confidentialit\u00e9 - JGRM","robots":{"index":"index","follow":"follow","max-snippet":"max-snippet:-1","max-image-preview":"max-image-preview:large","max-video-preview":"max-video-preview:-1"},"canonical":"https:\/\/jgrm.fr\/?page_id=3","og_locale":"fr_FR","og_type":"article","og_title":"Politique de confidentialit\u00e9 - JGRM","og_description":"Politique de confidentialit\u00e9 La R\u00e9glementation G\u00e9n\u00e9rale sur la Protection des Donn\u00e9es est un ensemble de loi mises en place par la commission Europ\u00e9enne \u00e0 partir du 25 Mai 2018 pour toutes les entreprises qui ont une activit\u00e9 en Europe. Pour prot\u00e9ger les internautes des fuites de donn\u00e9es ou de l\u2019utilisation abusive de donn\u00e9es personnelles, il [...]","og_url":"https:\/\/jgrm.fr\/?page_id=3","og_site_name":"JGRM","article_modified_time":"2020-01-28T16:27:50+00:00","twitter_card":"summary_large_image","twitter_misc":{"Dur\u00e9e de lecture estim\u00e9e":"2 minutes"},"schema":{"@context":"https:\/\/schema.org","@graph":[{"@type":"WebPage","@id":"https:\/\/jgrm.fr\/?page_id=3","url":"https:\/\/jgrm.fr\/?page_id=3","name":"Politique de confidentialit\u00e9 - JGRM","isPartOf":{"@id":"https:\/\/jgrm.fr\/#website"},"datePublished":"2019-10-01T10:21:41+00:00","dateModified":"2020-01-28T16:27:50+00:00","breadcrumb":{"@id":"https:\/\/jgrm.fr\/?page_id=3#breadcrumb"},"inLanguage":"fr-FR","potentialAction":[{"@type":"ReadAction","target":["https:\/\/jgrm.fr\/?page_id=3"]}]},{"@type":"BreadcrumbList","@id":"https:\/\/jgrm.fr\/?page_id=3#breadcrumb","itemListElement":[{"@type":"ListItem","position":1,"name":"Home","item":"https:\/\/jgrm.fr\/"},{"@type":"ListItem","position":2,"name":"Politique de confidentialit\u00e9"}]},{"@type":"WebSite","@id":"https:\/\/jgrm.fr\/#website","url":"https:\/\/jgrm.fr\/","name":"JGRM","description":"Table tout \u00e9quip\u00e9","potentialAction":[{"@type":"SearchAction","target":{"@type":"EntryPoint","urlTemplate":"https:\/\/jgrm.fr\/?s={search_term_string}"},"query-input":{"@type":"PropertyValueSpecification","valueRequired":true,"valueName":"search_term_string"}}],"inLanguage":"fr-FR"}]}},"_links":{"self":[{"href":"https:\/\/jgrm.fr\/index.php?rest_route=\/wp\/v2\/pages\/3","targetHints":{"allow":["GET"]}}],"collection":[{"href":"https:\/\/jgrm.fr\/index.php?rest_route=\/wp\/v2\/pages"}],"about":[{"href":"https:\/\/jgrm.fr\/index.php?rest_route=\/wp\/v2\/types\/page"}],"author":[{"embeddable":true,"href":"https:\/\/jgrm.fr\/index.php?rest_route=\/wp\/v2\/users\/9"}],"replies":[{"embeddable":true,"href":"https:\/\/jgrm.fr\/index.php?rest_route=%2Fwp%2Fv2%2Fcomments&post=3"}],"version-history":[{"count":2,"href":"https:\/\/jgrm.fr\/index.php?rest_route=\/wp\/v2\/pages\/3\/revisions"}],"predecessor-version":[{"id":2630,"href":"https:\/\/jgrm.fr\/index.php?rest_route=\/wp\/v2\/pages\/3\/revisions\/2630"}],"wp:attachment":[{"href":"https:\/\/jgrm.fr\/index.php?rest_route=%2Fwp%2Fv2%2Fmedia&parent=3"}],"curies":[{"name":"wp","href":"https:\/\/api.w.org\/{rel}","templated":true}]}}